t b(v) = -v**3 + 9*v**2 + 36*v + 12. Let t(x) = -x**3 + 8*x**2 + 28*x + 10. Let k(r) = -5*b(r) + 6*t(r). Determine k(4).
-64
Let f(o) = 2*o**2 - o**3 - 38*o + 4 + 60*o + 2 - 28*o. Let q be f(2). Let s(j) = -6*j - 2*j**3 - j + j**3 - 7*j**2. Calculate s(q).
6
Let t(k) = -k**2 + 8*k + 4. Let x = 441 - 445. Let y(q) = -3 + 2*q**2 - q**2 + 0*q**2 + q. Let d be y(x). Determine t(d).
-5
Suppose -5*p + 4*j - 19 = 0, 17*p - 5*j = 21*p - 34. Let o(z) be the first derivative of -1/2*z**2 + p + 7*z. Give o(9).
-2
Let c(n) be the first derivative of n**3/3 - n**2 - 3*n - 8. Let o(l) = l**2 - 21. Let p be o(5). Suppose -j - j = p. What is c(j)?
5
Suppose -240 - 312 = -12*q. Let y(g) = 2*g**2 - 43 + 3*g + g + 2*g - q + 91. Let d be (8/(-3) - -2)*6. Give y(d).
10
Let o(p) be the third derivative of 36*p**2 - 1/60*p**5 - p - 1/3*p**3 - 1/8*p**4 + 0. Let a be 0 + (-6 - (2 - 4)). Determine o(a).
-6
Let m(t) be the second derivative of -t**4/12 + 7*t**3/3 + 15*t**2/2 - 37*t - 15. Give m(12).
39
Let t(s) = -s**2 - s - 1. Suppose -5*m = 3*h - 46, -14*m + 12*m - 3*h = -13. Suppose -4 = n - l, 4*n - 7*l = -m*l + 8. Determine t(n).
-1
Suppose -z + f + 4 = 0, 3*z - f + 2 = 8*z. Suppose 2*r + 2*r + 4*i = 68, 33 = r + 5*i. Let h(l) = -12 + 22*l - 2*l**2 - 14*l - 9*l + r. Determine h(z).
-2
Let i(k) = -5*k - 76. Let g be i(-16). Let f(p) = -43*p + 2*p**2 + 1 + 44*p + 0 - g*p**2. What is f(3)?
-14
Let b(j) = -2*j**2 + 1. Let n = -106 - -107. Let c(d) = -11*d**2 - 5*d + 7. Let p(q) = n*c(q) - 5*b(q). Let z be 26/(-4) - (-1)/(-2). Give p(z).
-12
Let l(u) = -11*u**2 + 16*u + 88. Let n(w) = -14*w**2 + 21*w + 113. Let t(j) = -9*l(j) + 7*n(j). Let y = 0 - 5. What is t(y)?
9
Let w(u) be the first derivative of u**3/3 + 3*u**2 - 4*u + 1. Let l(f) = 9*f + 60. Let j be l(-18). Let h = -108 - j. Determine w(h).
-4
Let h(c) = 9*c - 19. Let k be h(2). Let p(r) = r**3 - r**2 + 1. Determine p(k).
-1
Suppose -5*l - 52 = -4*y, -45*y - 5*l = -42*y - 4. Let c(i) = i**3 - 7*i**2 - 17*i + 9. Calculate c(y).
-63
Let v be 1 - 7/(-21)*3*7. Let y(f) = -9 - 5*f - 11*f - f**2 - f**2 + v*f. Let q(o) = o**2 - o + 1. Let h(d) = -q(d) - y(d). Calculate h(-7).
-6
Let s(y) = -2*y**3 - 3*y**2 - y + 2. Suppose -4*q + 240 + 104 = 4*a, -3*q - 5*a + 252 = 0. Suppose -q*p + 86*p = 6. Give s(p).
8
Let s be 0*(-3)/(-6)*-1. Let h(d) = -d**3 - 14*d**2 - 19*d - 16. Let k be h(-14). Let z(v) = 3*v**3 + 251*v - k*v + 0*v**3 - 2*v**3. Calculate z(s).
0
Let c(g) be the first derivative of g**3/3 - 6*g**2 + 15*g + 2106. Calculate c(6).
-21
Let s(f) be the first derivative of -f**3/3 - 5*f**2 - 15*f + 4304. Determine s(-5).
10
Let q(x) = -x**2 - 9*x - 3. Let d = 3098 + -3101. Determine q(d).
15
Let d(t) be the second derivative of -t**6/720 + t**5/20 + t**4/12 + t**3/3 + t + 8. Let l(z) be the third derivative of d(z). Give l(3).
3
Let b(i) = -4*i + 1. Suppose 0 = p - 24 - 40. Suppose -2*r + 2*m = 138, 0 = r - 2*m + 38 + 35. Let a = p + r. What is b(a)?
5
Let p(w) = 16*w - 2. Suppose 1170*v = 902*v + 1072. Calculate p(v).
62
Let f(d) = -603*d**2 - 9 + 9*d + d + 602*d**2. Determine f(0).
-9
Suppose 13 = 8*d - 9*d + 5*z, 0 = -2*z + 2. Let l(v) = v**3 + 9*v**2 + 5*v + 11. Calculate l(d).
35
Let o be 0/((10/(-15))/((-4)/(-6))) - 2. Let l(d) = -7*d**2 - 7*d - 12. Calculate l(o).
-26
Let w(q) be the second derivative of -q**5/20 + 2*q**4/3 - q**3 + 5*q**2/2 - 719*q. What is w(5)?
50
Let f(a) be the first derivative of -a - 5/6*a**3 + 12 + 0*a**2 + 1/12*a**4. Let g(q) be the first derivative of f(q). What is g(6)?
6
Let z(r) = -r**2 - 10*r - 25. Let d = 700 - 706. Give z(d).
-1
Let i(k) be the second derivative of 1/12*k**4 + 1/30*k**5 - 4*k**2 + 1/120*k**6 + 12*k + 0 + 1/2*k**3. Let u(v) be the first derivative of i(v). Give u(-3).
-12
Let w(u) = 8*u - 4*u - u**2 + 7*u**2 - 9 + 7 - 6*u. Let m(n) = 11*n**2 - 4*n - 3. Let h(z) = -4*z**2 - 1. Let l be h(-1). Let s(o) = l*w(o) + 3*m(o). Give s(1).
2
Let u(m) = 4*m - 1. Suppose -16 = 2*o + 5*q, 4*q = 2*o - 0*o - 20. Suppose -o*s + 0*p - 14 = -4*p, -5*p + 10 = 5*s. Give u(s).
-5
Let o(t) = -t**2 + 11*t - 15. Let b(q) = 7*q**2 - 19*q - 216. Let c(g) = -16*g**2 + 37*g + 433. Let k(f) = -7*b(f) - 3*c(f). Let n be k(-7). Calculate o(n).
-5
Let l(w) = -143 + 94 + 6*w**3 - 3*w**3 + 47 - 3*w. Calculate l(-1).
-2
Let h(u) = u - 7. Let f(d) = 10*d - 50. Let p(i) = 1. Let w(b) = f(b) - 5*p(b). Let j be w(6). Calculate h(j).
-2
Suppose -16 = -5*y - m, 3*y - 12 = 2*m - 5*m. Let t(x) = -46 - x + 3*x**2 + 0*x + 42 + 2*x - 2*x**3. Determine t(y).
-28
Suppose x + 2*x = -5*m + 19, x - 3*m = -17. Let f be (-5)/(-3) + x - (-120)/36. Let d(g) = -3*g**2 + f*g**2 - 2*g**2 - 2 + 4*g**2. Calculate d(2).
6
Let i(f) = -f**3 - 11*f**2 - 26*f - 20. Let x be i(-8). Let d(o) be the second derivative of o**3/3 + 5*o**2/2 + 48*o. Give d(x).
-3
Let p = -179 - -808. Let s(u) = 629*u - p*u + 3*u**2 + 0*u**2. What is s(-1)?
3
Let o(x) = -x**3 + 28*x**2 + 25*x + 124. Suppose -387*g + 188*g = -5771. What is o(g)?
8
Suppose -5*z - 85*i + 5 = -87*i, -3*z + 14 = i. Let x(a) = a**3 + 2*a**2 - 20*a + 24. Determine x(z).
9
Let p(z) = -5*z - z + 200 + 5*z + 10*z + 3*z. Calculate p(-17).
-4
Let o(l) = -2*l**2 + 2*l + 104. Let f be o(8). Let v(c) = -c**3 - 9*c**2 - 8*c - 6. Determine v(f).
-6
Let g(a) = -2*a + 3. Suppose -2*v = -4*v. Suppose 5*f - 3*b = 0, -4*f + 0*b + 2*b - 2 = v. Let q be 3 + (f - -7) + -2. Give g(q).
-7
Let u(q) = 88 - 12*q + 112 - 367 + 99. Let p be u(-5). Let f(j) = j**3 + 7*j**2 - 8*j + 7. What is f(p)?
7
Let q = -3 + -1. Let z(d) be the second derivative of -d**5/20 - d**4/3 - 2*d**3/3 - 3*d**2/2 - 497*d. Give z(q).
13
Suppose 791*u = -800*u + 1579*u - 408. Let b(h) = h**3 + 35*h**2 + 33*h - 43. Determine b(u).
-9
Let s(n) = 2*n**2 - 26*n - 748. Let y be s(-14). Let p(w) = -10*w**3 + 2*w + 1. Let x be p(-1). Let z(i) = -3*i + i**2 - 1 - 4*i - x. Determine z(y).
-2
Let o(g) = -g**3 + 6*g**2 - 6*g + 6. Let v(f) = -f**3 - 20*f**2 - 39*f - 375. Let a be v(-19). What is o(a)?
1
Suppose -5*m - 3*b = 6, m - 4 = 3*m + 2*b. Let h(y) be the first derivative of 1/3*y**3 - 2 - 12*y - 1/4*y**4 - 1/2*y**2. What is h(m)?
-12
Let n = -107 + 110. Let y(p) = -35 + n*p + 17 + 16 - 5*p. Let i be 8/6*(0 - 3). Calculate y(i).
6
Suppose -6*q = -72 + 12. Let v(o) = 5*o**2 + o - q - 2*o**2 + 2*o**3 + 12 - 3*o**3. Determine v(3).
5
Let p(k) be the third derivative of -k**6/120 - k**5/15 + 3*k**4/8 - 4*k**3/3 + 1080*k**2 + 2*k. Give p(-5).
-28
Let r = 9 + -33. Let b be (r/20)/(9/(-60)). Let v(f) = -3 + 0*f**2 - f**2 + 3*f - 3*f - 3 + 9*f. Calculate v(b).
2
Let r(l) = -l**2 - l + 1. Let s(t) = 90 + 92 - 177 - 4*t - 8*t**2 + 0*t. Let g(u) = 6*r(u) - s(u). Calculate g(3).
13
Let s be -1 - (9/(-1) + 2). Let d(l) be the third derivative of l**4/24 + l**3/6 - 34415*l**2. Calculate d(s).
7
Let j be (2/(-10))/((-127)/635). Let u(v) = 44*v**3 - v**2 - v + 1. What is u(j)?
43
Let g(o) = -141*o - 39. Let v(n) = -17*n - 5. Let j(u) = -4*g(u) + 33*v(u). Give j(-9).
-36
Let z(l) be the first derivative of -l**4/2 + 16*l**3/3 - 5*l**2 + 33*l - 4466. Calculate z(8).
-47
Let q(s) = s**3 + 5*s**2 + 5*s + 1. Let u(h) = -23*h + 19. Suppose -c - 6*x = -11*x - 11, 0 = 3*x + 6. Let l be u(c). Calculate q(l).
-3
Let k(s) = 2*s + 1. Suppose -182*o - 21040 = 193*o - 112*o. Suppose 0 = 5*r - w - w - 388, 4*w = -5*r + 364. Let u = r + o. Give k(u).
-7
Let p(q) = -2*q**2 + 2*q - 6*q - 3*q. Let i be (-142)/(-1) - (41 - 33). Suppose i*b = 125*b - 45. Calculate p(b).
-15
Let t(s) = s - 10. Let p be t(12). Suppose 4*o = -0*q + p*q - 8, -5*q + 4*o = -14. Let v be (-12 + q)*4/10. Let l(a) = -a**2 - 6*a - 2. Give l(v).
6
Let z(s) = -2*s**2 - 13*s + 6. Let v = 64 - 179. Let y = v - -108. Determine z(y).
-1
Let m(c) be the first derivative of -8*c**2 + c**2 - 64 + 8*c**2 - 6*c. Let d be (-1)/4 + 17/4. What is m(d)?
2
Suppose -83 - 37 = -10*x. Suppose x*d - 4*d = 0. Suppose 5*k + a - 55 = d, a = -2*k - 2 + 27. Let j(m) = -m**2 + 12*m - 13. Give j(k).
7
Let r(u) be the second derivative of u**6/120 + u**5/12 + u**4/8 + 2*u**3/3 - 7*u**2 - 25*u. Let i(s) be the first derivative of r(s). What is i(-3)?
13
Let r(p) = 63*p + 10. Let s(o) = 30*o + 1. Let n(g) = r(g) - 2*s(g). Calculate n(7).
29
Let z(s) = -2*s + 6. Suppose -12*l = 3*l + l - 16. What is z(l)?
4
Suppose 0 